 Let n = 320 - q. Calculate the greatest common factor of n and b.
4
Let g be 6 + ((-62)/3)/((-43)/129). Suppose 5*t - 1481 - 729 = 0. What is the highest common factor of t and g?
34
Let v = 3700 + -3603. What is the greatest common divisor of 5917 and v?
97
Let j = 41 - 41. Suppose -7*k - 28 + 168 = j. Suppose -6*x = -3*x + 3, 5*o + x - 24 = 0. What is the highest common factor of o and k?
5
Suppose -484 + 2804 = 3*o + 16. What is the greatest common factor of o and 640?
128
Let o(d) = 109*d**2 - 62*d + 4. Let g be o(1). Calculate the highest common factor of 42 and g.
3
Suppose 19*f = 20*f - 16. Suppose -f*g = -g - 165. Calculate the greatest common divisor of 242 and g.
11
Let v be ((-5 - 0) + 5 - -117) + -3. Suppose -57 = -a + v. What is the greatest common factor of 114 and a?
57
Let d = 246 + -168. Suppose 0 = -n - 2*w + d, 12*w + 159 = 2*n + 17*w. What is the highest common factor of n and 576?
72
Let o be 2 + 1 + 3 + 2. Let x be 4*((-30)/o)/(-1). Let s = 238 - 235. What is the greatest common divisor of s and x?
3
Let r(u) = u**2 + 19*u - 2487. Let i be r(-62). What is the greatest common factor of 21659 and i?
179
Let c = -911 + 939. Calculate the highest common divisor of 484 and c.
4
Suppose 4*z - 7081 = b, -z + b = -2019 + 248. What is the highest common factor of z and 180?
30
Let c = 18510 + -18469. What is the highest common factor of 41 and c?
41
Suppose -4*o + 24 = -o. Let m = -30 - -43. Let z be 4*m - (-11 - -7). What is the highest common factor of z and o?
8
Let m(o) = 4*o**2 - 39*o - 14. Let t be m(-6). What is the greatest common divisor of 140 and t?
28
Suppose 4*b + 4*o - 24 = 0, 4*o - 4 - 17 = -3*b. What is the highest common divisor of b and 4041?
3
Suppose 11*k - 757 = -17*k + 1119. What is the highest common factor of 55007 and k?
67
Suppose -3*d = 2*q - 1117, -298 = -d + 4*q + 51. Let s = d + 240. Calculate the highest common divisor of s and 21.
21
Suppose v - 2*i + 2 = 0, -1 - 12 = -v - i. Let h be (-1)/4 - (-644)/16. What is the highest common divisor of v and h?
8
Let g = 3443 - 3431. What is the greatest common factor of g and 606?
6
Suppose 5*h = 2*y - 16 - 22, 2*h = y - 17. Suppose 53*a = 50*a - 390. Let o = 202 + a. What is the highest common factor of o and y?
9
Let b(d) = -d**2 - 3*d + 9. Let g be b(-4). Suppose 0 = -0*c - g*c + 1575. Suppose -c = l - 6*l. What is the highest common divisor of 9 and l?
9
Let n be 17 - (-4 + -1 + 0). Calculate the greatest common divisor of 429 and n.
11
Let i(c) = -2*c**3 - 2*c - 1. Let r be i(-2). Let t = -5019 - -5323. What is the highest common factor of t and r?
19
Suppose -10*l + 84960 = 108*l. Calculate the greatest common factor of 126 and l.
18
Suppose -3*z + 28 = 2*u, -4*u = 3*z - 143 + 111. What is the highest common factor of z and 89?
1
Let z be 3/2*376/(-6). Let r = -92 - z. What is the highest common factor of r and 5?
1
Let c be 7 + (-2466)/(-26) + (-24)/(-156). What is the highest common factor of 13158 and c?
102
Let u(q) = 2141*q - 29969. Let o be u(14). Let t = -3 + 38. What is the highest common factor of t and o?
5
Suppose -2641*u + 2595*u = -634110. Calculate the highest common factor of 60 and u.
15
Suppose -5*j + 2*x = -1576, -11*j + 3526 = 25*x - 21*x. Calculate the highest common divisor of 120 and j.
6
Let u(t) = t**2 - 3 + 908*t - 900*t - 21. Let w be u(8). What is the highest common factor of 78 and w?
26
Let l be 16/14 - (24/(-3) - 35680/140). Calculate the highest common divisor of l and 7568.
88
Let j = -20 - -56. Suppose o = -o - 5*n - 21, o = -n - 6. Let k be o/21*4 - (-8242)/91. Calculate the greatest common factor of k and j.
18
Let i be (-493)/(-5) - (-36)/90. Suppose -15*u + 1200 = 5*u. Suppose 13*h - u = 83. Calculate the highest common divisor of h and i.
11
Suppose 0 = 2*m + 5*h + 2 - 4, -3*h = m. Suppose -s - m*s + 28 = 0. Calculate the highest common factor of 4 and s.
4
Let l(r) = 2*r + 6. Let t be l(-2). Let u = 11 - t. Suppose 3*b - 28 - 188 = 0. What is the greatest common divisor of b and u?
9
Let n = -161 - -293. Suppose -13*d - 62 = -23. Let y(k) = -k**3 - 3*k**2 - 5*k - 3. Let g be y(d). What is the highest common divisor of g and n?
12
Let p be (-13 - -23 - 161/14) + (-8571)/(-2). What is the greatest common factor of p and 54?
18
Let q be (-9*1)/(31 - 30). Let u(v) = v**2 + v - 24. Let m be u(q). Calculate the greatest common divisor of m and 24.
24
Let j(x) = 34*x**3 - 5*x**2 - 11*x - 6. Let s be j(5). What is the highest common factor of 16 and s?
16
Let o(m) = 17 - m - 27 + 5 + 23. Let j be o(-9). Calculate the greatest common factor of 45 and j.
9
Suppose 0 = 123*h - 396*h + 12558. Calculate the greatest common factor of 8740 and h.
46
Suppose -2*k = -5*d - 44, 4*k = 6*d - 7*d + 154. What is the greatest common factor of k and 1332?
37
Let y(l) = -36*l**3 + l**2 + l + 1. Let c be y(2). Let x = c + 356. What is the highest common factor of 15 and x?
15
Suppose -14*s = 185 - 731. Calculate the highest common divisor of s and 4953.
39
Let x(s) = s**2 - 16*s + 11. Let f be x(7). Let h = 58 + f. Suppose 0 = -7*m + 144 + 24. What is the greatest common divisor of m and h?
6
Suppose -313*l - 336 = -305*l. Let g be l/(-2)*364/84. Calculate the greatest common factor of g and 182.
91
Let h be 64/256 + (-22)/(-8). Suppose 7*v - h*v - 888 = -5*r, -3*r = 4*v - 528. Calculate the greatest common divisor of 20 and r.
20
Let k be -1*((-350679)/126 + 2/12). What is the greatest common factor of 23 and k?
23
Let q be 6/13 - 1383936/(-884). What is the highest common factor of q and 116?
58
Let c be (-3 - -6)*(-4 + 2). Let b be -8*(-3)/(c/(-14)). Let y(k) = 2*k + 84. Let u be y(0). Calculate the highest common factor of u and b.
28
Suppose 4*l - 9972 = -32*l. Let f = l - 274. Calculate the greatest common factor of 48 and f.
3
Let z(l) = 5*l**2 + 10*l + 6. Let x be z(-5). Calculate the highest common divisor of x and 783.
27
Suppose 0 = -z + 3*a - 19, 2*a - 64 = 3*z - 0*z. Let b be (-11180)/z + (-2)/11. Suppose -7*v + b = -2495. Calculate the highest common factor of 39 and v.
39
Let p(l) = -913*l**3 - 2*l**2 + 58*l + 59. Let s be p(-1). What is the highest common divisor of 720 and s?
48
Let b be 0*((-4)/(-16))/(1/(-2)). Suppose b = 8*r - 4*r. Suppose -3*v + 3 + 6 = r. Calculate the greatest common divisor of v and 15.
3
Let o be 2 + 3370 + 50/25. Calculate the highest common factor of o and 14.
14
Suppose -18*a - 170 = -602. Let f(n) = -7*n + 189. Let u be f(a). Calculate the highest common factor of 49 and u.
7
Let y = 130 + 71. Let z = 220 - y. Calculate the highest common divisor of 19 and z.
19
Let u(q) = q**2 - q - 2. Let m be u(-2). Suppose -c + 3*c - m = 0. Let v(x) = 26*x - 114. Let l be v(5). Calculate the highest common factor of l and c.
2
Let o be 9/2*(24 - -2). Let d(m) = -19*m + 109. Let z be d(4). Let a be (-55)/z*(-702)/15. Calculate the highest common divisor of a and o.
39
Let i = 3376 + -3372. What is the greatest common divisor of i and 2?
2
Suppose 0 = 12*n + 2435 - 13355. Suppose 11*g + n = 21*g. Suppose -5*z = -z - 52. Calculate the greatest common divisor of z and g.
13
Let k(r) = -r**2 - 101*r - 126. Let i be k(-6). Calculate the greatest common divisor of i and 84.
12
Let x be 1018/17 + 14/119. Suppose 4*g - x = -4*l, 0 = g - 0*g. Let c = 78 - l. What is the highest common divisor of 7 and c?
7
Suppose -i + 496 = 3*l, 0 = -3*l - 5*i - 0*i + 512. Let s be (-2 - 7/(-14))/((-2)/l). Suppose s - 431 = -7*c. What is the greatest common factor of 176 and c?
44
Let o(s) = 3*s**3 - 8*s**2 + 17*s - 62. Let n be o(4). Let h be (-1243)/(-22) - 2/4. What is the greatest common factor of h and n?
14
Suppose 0*z + 4*z - 1088 = 0. Suppose -r + z = 3*r. Let o = -288 + 390. What is the highest common factor of r and o?
34
Suppose -3*d - o - 3*o + 33 = 0, -5*o = d. Let n(p) = 9*p - 3. Let l be n(d). Let u be (l/15)/((-32)/20 + 2). What is the highest common factor of 110 and u?
22
Let g be (-1 + (-9)/2)/((-69)/(-138)). Let x = 34 + g. What is the greatest common factor of 23 and x?
23
Let t be 1/((-18)/(-4)) + 4979916/3483. What is the highest common factor of 130 and t?
130
Let y = 896 + -421. Suppose 30*o - 11*o = y. Suppose -u + 241 = 4*c, -u - 5*c = u - 470. Calculate the greatest common factor of u and o.
25
Suppo